er when d is divided by 38.
32
Calculate the remainder when (-2365)/110*(1 + -3) is divided by 13.
4
Let y(m) = 0*m - 6*m + 3*m + 28*m**2. What is the remainder when y(-1) is divided by 17?
14
Let d be ((-3)/(-6))/((-1)/(-8)). What is the remainder when d/(4 + 0)*37 is divided by 10?
7
Let r(x) = -4*x**3 + 23*x**2 - 4*x - 7. Calculate the remainder when r(4) is divided by 7.
5
Suppose -14*k + 1990 = -768. What is the remainder when k is divided by 34?
27
Let z be 44/52 - (-4)/26. Let y be (z/(-3))/(1/(-15)). Suppose -87 + 2 = -y*p. What is the remainder when 32 is divided by p?
15
Let v = 472 + -78. What is the remainder when 48/64 - 2*v/(-16) is divided by 9?
5
Let z = 132 - 116. Calculate the remainder when 74 is divided by z.
10
Let a be (24/(-4) + 1)*(-44)/10. Let l = 19 - -30. What is the remainder when l is divided by (-1)/(-2) + 363/a?
15
Suppose -2*z + 53 = -51. What is the remainder when 102 is divided by z?
50
Suppose 25*d - 416 = 17*d. Calculate the remainder when 933 is divided by d.
49
Suppose 52 = -2*x - 0*x. Suppose 268 - 364 = -22*c + 388. What is the remainder when 12/(2 - x/(-14)) is divided by c?
18
Suppose 4*k - 16*k + 8*k = -84. Suppose -32 = -5*p + 373. Calculate the remainder when p is divided by k.
18
Suppose -38 = -2*d + p, 2*p + 1 = -3. Calculate the remainder when (66/4)/((-5)/(-10)) is divided by d.
15
Let x be 0 + 5 + -2 + -5. Calculate the remainder when (-39)/2*x*(1 - 0) is divided by (-28)/(-3) + 4/6.
9
Let q(b) = b**3 - 3*b**2 + 6*b - 6. Let h be 1/5 - ((-96)/(-10))/(-2). What is the remainder when q(h) is divided by ((-60)/16)/(2/(-8))?
14
Suppose -5*g - 9 = -149. Let i = g + -8. Let h(j) = 9*j**2 - 2*j + 3. What is the remainder when h(3) is divided by i?
18
What is the remainder when 140 is divided by 36 + (5 - -2) + (3 - 8)?
26
Suppose 11*x + 157 = 476. Calculate the remainder when x is divided by 15.
14
Let l(w) = -6*w - 13. Let b be l(-3). Suppose 2*k = 2*h - 210, -2*h + b*k = -0*h - 222. Calculate the remainder when h is divided by 26.
23
Let b(a) = a**3 + 11*a**2 + 3*a - 38. What is the remainder when b(-10) is divided by 6?
2
Let d be (-27)/(-12) + (-1)/4. Suppose -4*g + 4*c = -416, -2*c = -d + 6. Let m = g - 69. What is the remainder when m is divided by 18?
15
Let t(a) = -a**3 + 10*a**2 + 60*a - 33. Calculate the remainder when 314 is divided by t(14).
15
Let h = 4 + 0. Suppose -f - 86 = -5*l + 105, -2*f = -h*l + 376. Let q = -107 - f. Calculate the remainder when q is divided by 27.
25
Suppose -4*u + 113 = 28*o - 23*o, u = -5*o + 47. Calculate the remainder when 349 is divided by u.
19
Suppose -78 = -3*s - 3*r, -5*s + 0*r + 4*r = -130. Calculate the remainder when 88 is divided by -4 + (s - (6 - 2)).
16
Let f(o) = 23*o - 3. Let t be f(2). Let n = t - 30. Calculate the remainder when n is divided by ((-2)/4 + -2)*-2.
3
Let b = -144 - -396. Suppose 2*w = 2*y - b, 2*w - 4*y + 252 = -0*w. What is the remainder when 6 is divided by ((-2)/3)/(28/w)?
0
Suppose 5*p + 18 = 2*o, 4*o - 2*p - 17 = 3. Suppose q + 5*m - 6*m - 1 = 0, -o*q - 2*m = -16. What is the remainder when (-1)/(1*(-2)/10) is divided by q?
2
Suppose 0*c - 3*c = -9. Suppose 0 = -c*l - 3*h + 6, l - 4*l + 4*h = -6. Suppose 53 + 160 + 117 = 55*p. Calculate the remainder when p is divided by l.
0
Let b = 23 - -16. Suppose 0 = -14*j + 18*j + 8. Calculate the remainder when b is divided by 12 + 3 + (1 + 1)/j.
11
Suppose -d + 5*d = 196. Let c(g) = -g**3 + 2*g**2 + g - 1. Let x be c(0). What is the remainder when d is divided by 39/(-6)*(x - 1)?
10
Suppose -88*n + 33030 = -32618. What is the remainder when n is divided by 17?
15
Suppose 4*n + 37 - 133 = 0. Calculate the remainder when 143 is divided by n.
23
Let r = 644 - 578. What is the remainder when 789 is divided by r?
63
Let j(b) be the first derivative of -b**3/3 - 7*b**2 + 47*b - 3. Calculate the remainder when 32 is divided by j(-16).
2
Suppose 3*j = l + 2, -4 - 24 = 3*j + 5*l. Calculate the remainder when 327/9 - j/(-3) is divided by 19.
17
Let s = -64 + 79. What is the remainder when 508 is divided by s?
13
Suppose -h - 51 + 52 = 0. Suppose -14 + 38 = 6*s. Calculate the remainder when s is divided by h.
0
Let u = 41 - 34. Suppose u*k - 2*k = 150. What is the remainder when 59 is divided by k?
29
Suppose 5*t = 6*t - 5. Suppose 191 = v - 4*m + 37, t*m - 574 = -4*v. Calculate the remainder when v is divided by 49.
48
Let y(r) = -r**2 + 5*r - 1. Let b be y(2). Suppose 4*x + b = 25. Suppose 5*w - w = 48. Calculate the remainder when w is divided by x.
2
Let x(o) = -46*o**3 - 6*o - 7. What is the remainder when x(-2) is divided by 95?
88
Let c = 703 - 662. What is the remainder when 129 is divided by c?
6
What is the remainder when 6/(-4)*(-7)/((-63)/(-306)) is divided by 38?
13
Let h = 40 - 22. Calculate the remainder when h is divided by 1/(8/104) - 6.
4
Let w = -5 - -29. Let k(r) = -2*r - 1. What is the remainder when w is divided by k(-5)?
6
Let a(x) be the third derivative of x**5/60 + x**4/8 - 7*x**3/2 + 8*x**2. Calculate the remainder when 27 is divided by a(-7).
6
Let t = 16 - 13. What is the remainder when 270/8 + t/(-4) is divided by 18?
15
Let n = 12 - 10. Suppose -4*t + 23 = -101. What is the remainder when t is divided by n/4*1*16?
7
Let f = 255 + -127. Let v = -32 + 65. What is the remainder when f is divided by v?
29
Suppose 23*o = 4459 - 1515. Calculate the remainder when o is divided by 11.
7
Suppose 0 = 3*h + 2*y + 43, -h + 2*h + y + 14 = 0. Calculate the remainder when 65 is divided by 21 - (-5)/(h/(-6)).
19
Let u(k) = -k**3 - 6*k**2 + 16*k + 15. Calculate the remainder when 32 is divided by u(-8).
2
Let f = -1477 + 1720. Calculate the remainder when f is divided by 62.
57
Let k(m) = 3*m**3 + m**2 + 3*m - 5. Let o be k(2). Suppose -o = -5*b + 5*g + 371, 0 = -5*b + 2*g + 400. What is the remainder when b is divided by 28?
24
Suppose 2*d = 5*x - 433, 3*x + 2*d - 89 = 2*x. Suppose 3*f = 2*f + x. What is the remainder when f is divided by 18?
15
Suppose -5*z = 4*j + 198, -j - 159 = 4*z + 2*j. Let o = z + 63. Calculate the remainder when 39 is divided by o.
18
Let i(m) = m + 24. Let p be i(-10). Let a be 3/(2 + p/(-10)). Suppose u + 34 = -4*o + 254, -a*u = -4*o + 244. Calculate the remainder when o is divided by 19.
18
Let f(u) = -2*u + 2. Let m(b) = -b + 3. Let r(k) = -2*f(k) + 3*m(k). Let x = 163 + -162. Calculate the remainder when x is divided by r(-4).
0
Let w(a) = -3*a**2 + 0*a**2 - 15 - 16*a + 2*a**2 + 0*a**2. What is the remainder when 242 is divided by w(-8)?
46
Let j = -5 - -25. Suppose 5*g = -12*g + 136. Calculate the remainder when j is divided by g.
4
Let y = 1438 - 1368. What is the remainder when y is divided by 6?
4
Let g be 3/(6/32) - 1. Suppose -3*d + 101 = -6*o + 2*o, 3*d + g = 0. Let y = -11 - o. Calculate the remainder when 51 is divided by y.
15
Let y(k) = -k**3 + 6*k**2 - 2*k - 10. What is the remainder when 37 is divided by y(4)?
9
Let j = 169 + -168. Calculate the remainder when 3 is divided by j.
0
Suppose 124 = 3*w - 95. Let u(b) = 2*b - 5. Let r be u(5). Suppose r*d = 3*v - 40 + 3, 4*v - 68 = 2*d. Calculate the remainder when w is divided by v.
16
Let z(g) = -10*g - 56. Suppose -64*y = -59*y + 45. What is the remainder when (0 + 1)/(1/101) is divided by z(y)?
33
Let v be (17/(-68))/(1/(-12)). Suppose 19 = 4*g - v*g. What is the remainder when g is divided by 7?
5
Let p = 9 - 6. Suppose p*y = t, t = 4*y + 3*t. Suppose -g = -y*g - 97. Calculate the remainder when g is divided by 25.
22
What is the remainder when (5357/77)/((-11)/(-77)) is divided by 122?
121
Let c(k) = -18*k**2 - k - 1. Let x be c(-1). Let s = x + 26. What is the remainder when s is divided by 1?
0
Let r = 86 + -74. What is the remainder when 2 + 16/r*12 is divided by 12?
6
Suppose 3*u = 8*u - 15. Let o(a) = a**3 - a**2 - 3*a + 1. Calculate the remainder when o(u) is divided by 7.
3
Suppose -15*q = -10*q + 20. Calculate the remainder when 118 is divided by -1 - 1 - (q - 18).
18
Let v(s) = 5*s**2 - 3*s + 3. Let q(z) = 35*z - 126. What is the remainder when q(5) is divided by v(2)?
15
What is the remainder when 3*20216/147 + 12/(-21) is divided by 32?
28
Suppose -w + 2*r = -2*r + 60, -5*r - 225 = 5*w. Let n be (w/(-32))/(1/4). Suppose 2*m + 52 = n*m. What is the remainder when m is divid